divided by 2416?
9
What is the remainder when 4388 is divided by 1442?
62
Calculate the remainder when 254 is divided by 57.
26
What is the remainder when 16209 is divided by 84?
81
Calculate the remainder when 117444 is divided by 1320.
1284
What is the remainder when 3722 is divided by 1808?
106
What is the remainder when 6622 is divided by 129?
43
What is the remainder when 1061 is divided by 325?
86
What is the remainder when 9674 is divided by 9?
8
What is the remainder when 3052 is divided by 1525?
2
Calculate the remainder when 38878 is divided by 3239.
10
What is the remainder when 145 is divided by 69?
7
What is the remainder when 291 is divided by 241?
50
What is the remainder when 9647 is divided by 927?
377
What is the remainder when 4109 is divided by 256?
13
Calculate the remainder when 1533 is divided by 220.
213
What is the remainder when 6219465 is divided by 9?
6
Calculate the remainder when 847 is divided by 120.
7
What is the remainder when 869581 is divided by 39?
37
What is the remainder when 9757 is divided by 265?
217
Calculate the remainder when 158724 is divided by 284.
252
Calculate the remainder when 2284 is divided by 1067.
150
Calculate the remainder when 1638 is divided by 1041.
597
Calculate the remainder when 95038 is divided by 192.
190
What is the remainder when 251226 is divided by 31401?
18
Calculate the remainder when 5742 is divided by 13.
9
What is the remainder when 26161 is divided by 513?
511
Calculate the remainder when 1868 is divided by 266.
6
What is the remainder when 32480 is divided by 56?
0
What is the remainder when 83210 is divided by 570?
560
Calculate the remainder when 5290 is divided by 1672.
274
What is the remainder when 71513 is divided by 7938?
71
What is the remainder when 54002 is divided by 35?
32
Calculate the remainder when 1658920 is divided by 136.
128
What is the remainder when 40573 is divided by 317?
314
Calculate the remainder when 7468 is divided by 323.
39
What is the remainder when 37125 is divided by 37118?
7
Calculate the remainder when 56228 is divided by 1822.
1568
What is the remainder when 2459 is divided by 267?
56
What is the remainder when 29161 is divided by 8?
1
What is the remainder when 12208 is divided by 488?
8
Calculate the remainder when 1842999 is divided by 97.
96
Calculate the remainder when 17582 is divided by 3509.
37
Calculate the remainder when 77347 is divided by 1059.
40
Calculate the remainder when 38376 is divided by 4262.
18
Calculate the remainder when 112061 is divided by 12.
5
What is the remainder when 13003 is divided by 12847?
156
Calculate the remainder when 58448 is divided by 19480.
8
What is the remainder when 122961 is divided by 42?
27
What is the remainder when 19019 is divided by 3332?
2359
What is the remainder when 5402 is divided by 899?
8
Calculate the remainder when 6309 is divided by 124.
109
What is the remainder when 89014 is divided by 8089?
35
Calculate the remainder when 69291 is divided by 672.
75
Calculate the remainder when 252257 is divided by 182.
5
What is the remainder when 1085 is divided by 431?
223
What is the remainder when 441653 is divided by 21029?
44
Calculate the remainder when 37368 is divided by 3110.
48
Calculate the remainder when 10197 is divided by 20.
17
What is the remainder when 8372 is divided by 209?
12
Calculate the remainder when 11368 is divided by 94.
88
What is the remainder when 100668 is divided by 33550?
18
What is the remainder when 25597 is divided by 8?
5
Calculate the remainder when 582 is divided by 579.
3
What is the remainder when 1118941 is divided by 9?
7
What is the remainder when 4467736 is divided by 33?
31
Calculate the remainder when 7048 is divided by 1953.
1189
Calculate the remainder when 714009 is divided by 1266.
1251
What is the remainder when 8728 is divided by 8635?
93
Calculate the remainder when 1543 is divided by 192.
7
Calculate the remainder when 605 is divided by 4.
1
Calculate the remainder when 21271 is divided by 356.
267
What is the remainder when 11006 is divided by 136?
126
Calculate the remainder when 267971 is divided by 12.
11
Calculate the remainder when 1354939 is divided by 148.
147
Calculate the remainder when 12939 is divided by 899.
353
What is the remainder when 19685 is divided by 78?
29
What is the remainder when 1679 is divided by 16?
15
What is the remainder when 3930 is divided by 774?
60
What is the remainder when 8141 is divided by 4059?
23
What is the remainder when 3867 is divided by 276?
3
What is the remainder when 11654 is divided by 69?
62
Calculate the remainder when 5659 is divided by 295.
54
Calculate the remainder when 2560158 is divided by 40.
38
What is the remainder when 2492 is divided by 2003?
489
Calculate the remainder when 419 is divided by 198.
23
Calculate the remainder when 52223 is divided by 17399.
26
Calculate the remainder when 4058 is divided by 1338.
44
What is the remainder when 11952 is divided by 1488?
48
Calculate the remainder when 1230029 is divided by 159.
5
What is the remainder when 2867 is divided by 124?
15
What is the remainder when 692413 is divided by 115?
113
What is the remainder when 1136 is divided by 20?
16
What is the remainder when 29693 is divided by 9888?
29
Calculate the remainder when 4277 is divided by 211.
57
What is the remainder when 13008 is divided by 764?
20
Calculate the remainder when 22697 is divided by 87.
77
Calculate the remainder when 270153 is divided by 161.
156
What is the remainder when 119136 is divided by 4765?
11
Calculate the remainder when 1375 is divided by 93.
73
Calculate the remainder when 26965 is divided by 2073.
16
What is the remainder when 25208 is divided by 19?
14
Calculate the remainder when 30537 is divided by 6074.
167
What is the remainder when 1826 is divided by 617?
592
Calculate the remainder when 15653 is divided by 6.
5
What is the remainder when 9476 is divided by 451?
5
Calculate the remainder when 45064 is divided by 24.
16
What is the remainder when 3187736 is divided by 20?
16
What is the remainder when 29564 is divided by 29487?
77
Calculate the remainder when 175205 is divided by 58292.
329
Calculate the remainder when 48021 is divided by 17.
13
What is the remainder when 5683257 is divided by 109?
106
What is the remainder when 36572 is divided by 269?
257
Calculate the remainder when 611 is divided by 602.
9
Calculate the remainder when 84143 is divided by 187.
180
Calculate the remainder when 4924 is divided by 971.
69
Calculate the remainder when 85009 is divided by 1932.
1
What is the remainder when 21990 is divided by 8?
6
What is the remainder when 15671 is divided by 7?
5
Calculate the remainder when 27502 is divided by 377.
358
What is the remainder when 475333 is divided by 21?
19
What is the remainder when 1223 is divided by 294?
47
Calculate the remainder when 14591 is divided by 68.
39
Calculate the remainder when 34167 is divided by 5.
2
Calculate the remainder when 222632 is divided by 35.
32
What is the remainder when 296780 is divided by 36?
32
What is the remainder when 1273 is divided by 470?
333
What is the remainder when 1639 is divided by 416?
391
Calculate the remainder when 92549 is divided by 517.
6
What is the remainder when 24735 is divided by 576?
543
Calculate the remainder when 4306 is divided by 711.
40
What is the remainder when 348862 is divided by 31?
19
What is the remainder when 14531 is divided by 316?
311
What is the remainder when 1661 is divided by 270?
41
Calculate the remainder when 55972 is divided by 8.
4
What is the remainder when 10232 is divided by 1729?
1587
What is the remainder when 13332 is divided by 3318?
60
Calculate the remainder when 93523 is divided by 105.
73
Calculate the remainder when 13838 is divided by 4610.
8
What is the remainder when 15082 is divided by 459?
394
Calculate the remainder when 11879 is divided by 11851.
28
What is the remainder when 364743 is divided by 74?
71
What is the remainder when 5652 is divided by 434?
10
Calculate the remainder when 13020 is divided by 3227.
112
Calculate the remainder when 1562 is divided by 1091.
471
Calculate the remainder when 77722 is divided by 153.
151
Calculate the remainder when 13391 is divided by 3347.
3
What is 